o base 8
-322643
22124220 (base 9) to base 7
156661152
80937 (base 12) to base 13
5b168
Convert 74806 (base 9) to base 2.
1100000101011001
5b8873 (base 15) to base 4
100231333002
3643 (base 11) to base 16
129e
Convert -feae (base 16) to base 13.
-238a3
Convert -93a96 (base 11) to base 10.
-137077
Convert 2a70444 (base 11) to base 9.
10801683
4866052 (base 10) to base 15
661bd7
Convert 19d825 (base 14) to base 15.
132c96
What is -1752053 (base 8) in base 6?
-14555151
What is -ca0ad (base 15) in base 8?
-2344605
What is -3056648 (base 11) in base 3?
-101011011211000
-142081 (base 9) to base 4
-111030220
6106135 (base 7) to base 11
455640
Convert 56a7a (base 13) to base 8.
464122
What is -1dc88c (base 16) in base 7?
-22406424
-2927a4 (base 11) to base 2
-1101111101100010110
-485a (base 16) to base 6
-221430
What is 1100101011110000 (base 2) in base 14?
14d0c
Convert 2333323121 (base 4) to base 12.
31ab35
What is -2a586b (base 15) in base 9?
-3754472
-137313 (base 11) to base 6
-4333500
204273 (base 16) to base 9
3872070
Convert -122301320121 (base 4) to base 12.
-2426649
What is -1100101000110011010000 (base 2) in base 12?
-11391a8
-321642 (base 8) to base 5
-11414201
2234023000 (base 5) to base 13
10575c6
What is -17030 (base 12) in base 3?
-1200002100
7420734 (base 9) to base 7
45513232
42261 (base 15) to base 7
1532431
What is -7b5141 (base 14) in base 15?
-57ec7c
Convert 2212535 (base 6) to base 10.
110795
Convert -44104 (base 10) to base 7.
-242404
10123120012 (base 4) to base 3
2011222012021
Convert -1512b9 (base 14) to base 6.
-23414243
-33702 (base 9) to base 3
-1010210002
Convert -11153511 (base 6) to base 13.
-bc6a4
Convert -419 (base 13) to base 14.
-37c
What is 22112112112 (base 3) in base 12?
81312
2111120101120 (base 3) to base 15
1b4106
What is 250699 (base 13) in base 7?
10351432
What is -30200023 (base 5) in base 13?
-856b8
Convert -111b20 (base 12) to base 15.
-55cd9
What is 1043638 (base 10) in base 12?
423b5a
-11233030 (base 5) to base 14
-293a9
-1021001210021 (base 3) to base 2
-10100011101100111101
10376d (base 15) to base 7
6361222
What is 404258 (base 9) in base 11?
1538a0
6594a (base 11) to base 9
155171
Convert -1204400 (base 8) to base 15.
-67b8e
What is -328247 (base 10) in base 11?
-204687
What is -331032 (base 4) in base 5?
-111133
49151 (base 11) to base 13
26260
53211 (base 13) to base 14
3c804
Convert 6411ca (base 14) to base 13.
916208
What is 20301324 (base 5) in base 7?
1260332
Convert -3023013 (base 4) to base 3.
-122211110
Convert 1b6b8 (base 13) to base 7.
313060
Convert -3033202320 (base 4) to base 13.
-239c28
-132790 (base 11) to base 5
-23133312
Convert 84a32 (base 11) to base 13.
443c2
-4121b (base 13) to base 12
-57717
3213442342 (base 5) to base 4
121313200230
-13525032 (base 7) to base 8
-4652571
Convert 3a56779 (base 11) to base 12.
241b1b1
c7b6cb (base 14) to base 15
8d6444
Convert -55b94 (base 12) to base 14.
-2d7a0
What is 2063004 (base 7) in base 11?
161423
What is 81287 (base 11) in base 16?
1d00c
What is -1027366 (base 9) in base 13?
-163434
Convert 32637 (base 8) to base 15.
4102
Convert -776f1a (base 16) to base 12.
-275578a
Convert -4202431 (base 6) to base 4.
-301200103
Convert -110010011100011111111 (base 2) to base 11.
-a29a0a
367985 (base 10) to base 4
1121311301
What is -263b52 (base 15) in base 4?
-13000002221
-1302222211 (base 4) to base 2
-1110010101010100101
What is 395d (base 16) in base 10?
14685
What is -b3a11 (base 14) in base 10?
-432783
13642 (base 10) to base 6
143054
Convert -180d (base 14) to base 5.
-114300
Convert 57465672 (base 8) to base 10.
12479418
-2a738a (base 12) to base 16
-af35a
What is 20955 (base 10) in base 14?
78cb
Convert -132310100 (base 4) to base 11.
-8691a
311138 (base 9) to base 2
101101000011101001
-10011100100110110011 (base 2) to base 15
-ca0de
Convert -46676 (base 10) to base 5.
-2443201
What is 6433251 (base 7) in base 4?
2332302300
11011100001010001001 (base 2) to base 4
3130022021
2c590d (base 15) to base 13
5a1537
112431011 (base 5) to base 13
150255
a18419 (base 11) to base 15
224c6d
Convert -434bf0 (base 16) to base 6.
-234310144
-130220220 (base 4) to base 3
-12221220000
89758e (base 15) to base 7
106502162
-76285b (base 12) to base 9
-3461368
Convert 4ff219 (base 16) to base 15.
6d75d1
-1756405 (base 10) to base 9
-3266301
11231264 (base 7) to base 11
611189
174364 (base 11) to base 5
32104140
Convert -35aac1 (base 13) to base 10.
-1280501
What is 277291 (base 13) in base 4?
3221332030
What is -110011132002 (base 4) in base 12?
-191b056
What is 31420311 (base 5) in base 6?
5353235
What is 1033112 (base 5) in base 10?
17907
What is -2203120330 (base 4) in base 9?
-1230024
What is 1000001101111001110 (base 2) in base 6?
5434330
Convert 466271 (base 9) to base 3.
112020022101
What is -30410422 (base 5) in base 3?
-110120122211
126cad (base 16) to base 13
3337a3
1263643 (base 9) to base 16
a8da1
Convert -313024241 (base 6) to base 4.
-110311210201
Convert 10111000000110100 (base 2) to base 10.
94260
-40371511 (base 8) to base 11
-4897575
Convert -132492 (base 13) to base 10.
-462165
-3621918 (base 10) to base 7
-42533346
13213301020 (base 4) to base 2
111100111110001001000
-10101011011100110 (base 2) to base 11
-5aa52
10b322 (base 14) to base 8
2126462
-52c15 (base 13) to base 4
-210123331
What is 2b31d (base 14) in base 7?
625536
What is 13e590 (base 16) in base 5?
313211302
What is -425151335 (base 6) in base 2?
-11100101101011101001011
33bcd5 (base 14) to base 2
110101110000010100011
20111221012010 (base 3) to base 2
1101001101011011101000
Convert 16533 (base 15) to base 9.
118743
Convert -10101110000010001110101 (base 2) to base 14.
-a863ad
What is 111101111010111110011 (base 2) in base 15?
2a12e8
55421550 (base 6) to base 9
3120723
Convert -238829 (base 12) to base 15.
-b5506
What is 7345955 (base 10) in base 12?
256316b
120311231 (base 4) to base 5
11223431
What is 21efa4 (base 16) in base 4?
20132332210
320111202300 (base 4) to base 9
30708266
What is 121011002012 (base 3) in base 6?
10451435
Convert 3301132 (base 7) to base 6.
12353211
What is -20210120120 (base 3) in base 12?
-65543
-422326 (base 10) to base 3
-210110022201
What is 711320 (base 8) in base 9?
386223
5bb881 (base 15) to base 14
824c32
11012102200 (base 3) to base 4
110030010
Convert 66627771 (base 8) to base 9.
30023548
What is -1147372 (base 8) in base 10?
-315130
-10100011001100010000 (base 2) to base 12
-2829a8
What is 5350562 (base 7) in base 10?
650960
What is -24d249 (base 14) in base 15?
-19ee2b
What is -11615460 (base 7) in base 5?
-231441023
-25682511 (base 9) to base 3
-212202202120101
126054 (base 13) to base 6
13244430
-6a49 (base 12) to base 3
-121021110
Convert -100101111111001001 (base 2) to base 14.
-409bb
What is 4a3a12b (base 12) in base 15?
1419c68
102022200102 (base 3) to base 15
46062
Convert -21033201002 (base 4) to base 6.
-123532522
What is -7786813 (base 10) in base 4?
-131231010331
-2021113 (base 4) to base 11
-6672
Convert -2000201220000 (base 3) to base 11.
-6764a8
-a9271 (base 13) to base 15
-60928
Convert -142433100 (base 6) to base 9.
-5452840
What is -c59636 (base 14) in base 3?
-110112222002222
2b2820 (base 13) to base 15
15ec54
Convert -a0a0 (base 14) to base 15.
-828a
What is -6190b0 (base 13) in base 11?
-1315195
What is -d4c7e (base 15) in base 10?
-674444
5135545 (base 6) to base 4
330013121
90a98 (base 13) to base 14
6a4a4
7952269 (base 11) to base 13
2b67b98
Convert -55403311 (base 6) to base 11.
-a3789a
What is -946110 (base 12) in base 5?
-1044123311
-550616 (base 8) to base 9
-311342
24968 (base 11) to base 4
20232321
Convert 11011111010011101011 (base 2) to base 13.
260430
Convert 12264ed (base 15) to base 6.
1143153154
9945 (base 11) to base 16
333d
-376020 (base 8) to base 16
-1fc10
Convert -413245 (base 7) to base 14.
-1bb25
What is -2022022121 (base 3) in base 6?
-550154
727239 (base 10) to base 4
2301203013
-220210240 (base 5) to base 15
-139c80
What is 4816 (base 13) in base 9?
14837
77521c (base 16) to base 6
435334444
Convert -317e9f (base 16) to base 10.
-3243679
995263 (base 10) to base 14
1bc9c3
-13646642 (base 8) to base 3
-12211111111021
-10021310 (base 5) to base 13
-2a2b7
What is 46025 (base 11) in base 16?
1